[INFO] fetching crate zeta 0.1.6...
[INFO] checking zeta-0.1.6 against master#e6e4f7ed1589e03bc2f6c5931c1a72e7947e8682 for beta-170-4
[INFO] extracting crate zeta 0.1.6 into /workspace/builds/worker-7-tc2/source
[INFO] validating manifest of crates.io crate zeta 0.1.6 on toolchain e6e4f7ed1589e03bc2f6c5931c1a72e7947e8682
[INFO] running `Command { std: CARGO_HOME="/workspace/cargo-home" RUSTUP_HOME="/workspace/rustup-home" "/workspace/cargo-home/bin/cargo" "+e6e4f7ed1589e03bc2f6c5931c1a72e7947e8682" "metadata" "--manifest-path" "Cargo.toml" "--no-deps", kill_on_drop: false }`
[INFO] started tweaking crates.io crate zeta 0.1.6
[INFO] finished tweaking crates.io crate zeta 0.1.6
[INFO] tweaked toml for crates.io crate zeta 0.1.6 written to /workspace/builds/worker-7-tc2/source/Cargo.toml
[INFO] crate crates.io crate zeta 0.1.6 already has a lockfile, it will not be regenerated
[INFO] running `Command { std: CARGO_HOME="/workspace/cargo-home" RUSTUP_HOME="/workspace/rustup-home" "/workspace/cargo-home/bin/cargo" "+e6e4f7ed1589e03bc2f6c5931c1a72e7947e8682" "fetch" "--manifest-path" "Cargo.toml", kill_on_drop: false }`
[INFO] running `Command { std: "docker" "create" "-v" "/var/lib/crater-agent-workspace/builds/worker-7-tc2/target:/opt/rustwide/target:rw,Z" "-v" "/var/lib/crater-agent-workspace/builds/worker-7-tc2/source:/opt/rustwide/workdir:ro,Z" "-v" "/var/lib/crater-agent-workspace/cargo-home:/opt/rustwide/cargo-home:ro,Z" "-v" "/var/lib/crater-agent-workspace/rustup-home:/opt/rustwide/rustup-home:ro,Z" "-e" "SOURCE_DIR=/opt/rustwide/workdir" "-e" "CARGO_TARGET_DIR=/opt/rustwide/target" "-e" "CARGO_HOME=/opt/rustwide/cargo-home" "-e" "RUSTUP_HOME=/opt/rustwide/rustup-home" "-w" "/opt/rustwide/workdir" "-m" "1610612736" "--user" "0:0" "--network" "none" "ghcr.io/rust-lang/crates-build-env/linux@sha256:19e73879b68f455e41552ea35293514db52ea292d993f571636dbffedb77a1ee" "/opt/rustwide/cargo-home/bin/cargo" "+e6e4f7ed1589e03bc2f6c5931c1a72e7947e8682" "metadata" "--no-deps" "--format-version=1", kill_on_drop: false }`
[INFO] [stdout] ed415b7c7fcf0f7f6b795a05e31aa015768e54f2e3d7eeb9a8da760947ae1d25
[INFO] running `Command { std: "docker" "start" "-a" "ed415b7c7fcf0f7f6b795a05e31aa015768e54f2e3d7eeb9a8da760947ae1d25", kill_on_drop: false }`
[INFO] running `Command { std: "docker" "inspect" "ed415b7c7fcf0f7f6b795a05e31aa015768e54f2e3d7eeb9a8da760947ae1d25", kill_on_drop: false }`
[INFO] running `Command { std: "docker" "rm" "-f" "ed415b7c7fcf0f7f6b795a05e31aa015768e54f2e3d7eeb9a8da760947ae1d25", kill_on_drop: false }`
[INFO] [stdout] ed415b7c7fcf0f7f6b795a05e31aa015768e54f2e3d7eeb9a8da760947ae1d25
[INFO] running `Command { std: "docker" "create" "-v" "/var/lib/crater-agent-workspace/builds/worker-7-tc2/target:/opt/rustwide/target:rw,Z" "-v" "/var/lib/crater-agent-workspace/builds/worker-7-tc2/source:/opt/rustwide/workdir:ro,Z" "-v" "/var/lib/crater-agent-workspace/cargo-home:/opt/rustwide/cargo-home:ro,Z" "-v" "/var/lib/crater-agent-workspace/rustup-home:/opt/rustwide/rustup-home:ro,Z" "-e" "SOURCE_DIR=/opt/rustwide/workdir" "-e" "CARGO_TARGET_DIR=/opt/rustwide/target" "-e" "CARGO_INCREMENTAL=0" "-e" "RUST_BACKTRACE=full" "-e" "RUSTFLAGS=--cap-lints=forbid" "-e" "RUSTDOCFLAGS=--cap-lints=forbid" "-e" "CARGO_HOME=/opt/rustwide/cargo-home" "-e" "RUSTUP_HOME=/opt/rustwide/rustup-home" "-w" "/opt/rustwide/workdir" "-m" "1610612736" "--user" "0:0" "--network" "none" "ghcr.io/rust-lang/crates-build-env/linux@sha256:19e73879b68f455e41552ea35293514db52ea292d993f571636dbffedb77a1ee" "/opt/rustwide/cargo-home/bin/cargo" "+e6e4f7ed1589e03bc2f6c5931c1a72e7947e8682" "check" "--frozen" "--all" "--all-targets" "--message-format=json", kill_on_drop: false }`
[INFO] [stdout] 8a1911d517f76f77c1800fbd5f19a8287313efc5dc37743f55d62f66b58a1b23
[INFO] running `Command { std: "docker" "start" "-a" "8a1911d517f76f77c1800fbd5f19a8287313efc5dc37743f55d62f66b58a1b23", kill_on_drop: false }`
[INFO] [stderr]    Compiling autocfg v0.1.6
[INFO] [stderr]    Compiling libc v0.2.62
[INFO] [stderr]    Compiling proc-macro2 v0.4.30
[INFO] [stderr]    Compiling cgmath v0.16.1
[INFO] [stderr]    Compiling winapi v0.3.8
[INFO] [stderr]    Compiling unicode-xid v0.1.0
[INFO] [stderr]     Checking approx v0.1.1
[INFO] [stderr]    Compiling syn v0.15.44
[INFO] [stderr]    Compiling num-derive v0.2.5
[INFO] [stderr]     Checking rgb v0.8.14
[INFO] [stderr]    Compiling num-traits v0.2.8
[INFO] [stderr]    Compiling num-integer v0.1.41
[INFO] [stderr]    Compiling num-bigint v0.2.3
[INFO] [stderr]    Compiling num-rational v0.2.2
[INFO] [stderr]    Compiling num-iter v0.1.39
[INFO] [stderr]    Compiling num-complex v0.2.3
[INFO] [stderr]     Checking rand v0.4.6
[INFO] [stderr]    Compiling quote v0.6.13
[INFO] [stderr]     Checking num-traits v0.1.43
[INFO] [stderr]     Checking num v0.2.0
[INFO] [stderr]     Checking winconsole v0.10.0
[INFO] [stderr]     Checking colored v1.8.0
[INFO] [stderr]     Checking zeta v0.1.6 (/opt/rustwide/workdir)
[INFO] [stdout] error[E0412]: cannot find type `NoneError` in module `std::option`
[INFO] [stdout]   --> src/lib/util.rs:12:50
[INFO] [stdout]    |
[INFO] [stdout] 12 |   fn as_result (self) -> Result<(), std::option::NoneError>;
[INFO] [stdout]    |                                                  ^^^^^^^^^ not found in `std::option`
[INFO] [stdout] 
[INFO] [stdout] 
[INFO] [stdout] error[E0412]: cannot find type `NoneError` in module `std::option`
[INFO] [stdout]   --> src/lib/util.rs:16:50
[INFO] [stdout]    |
[INFO] [stdout] 16 |   fn as_result (self) -> Result<(), std::option::NoneError> {
[INFO] [stdout]    |                                                  ^^^^^^^^^ not found in `std::option`
[INFO] [stdout] 
[INFO] [stdout] 
[INFO] [stdout] error[E0425]: cannot find value `NoneError` in module `std::option`
[INFO] [stdout]   --> src/lib/util.rs:19:33
[INFO] [stdout]    |
[INFO] [stdout] 19 |       false => Err(std::option::NoneError)
[INFO] [stdout]    |                                 ^^^^^^^^^ not found in `std::option`
[INFO] [stdout] 
[INFO] [stdout] 
[INFO] [stdout] error[E0412]: cannot find type `NoneError` in module `std::option`
[INFO] [stdout]   --> src/lib/util.rs:12:50
[INFO] [stdout]    |
[INFO] [stdout] 12 |   fn as_result (self) -> Result<(), std::option::NoneError>;
[INFO] [stdout]    |                                                  ^^^^^^^^^ not found in `std::option`
[INFO] [stdout] 
[INFO] [stdout] 
[INFO] [stdout] error[E0412]: cannot find type `NoneError` in module `std::option`
[INFO] [stdout]   --> src/lib/util.rs:16:50
[INFO] [stdout]    |
[INFO] [stdout] 16 |   fn as_result (self) -> Result<(), std::option::NoneError> {
[INFO] [stdout]    |                                                  ^^^^^^^^^ not found in `std::option`
[INFO] [stdout] 
[INFO] [stdout] 
[INFO] [stdout] error[E0425]: cannot find value `NoneError` in module `std::option`
[INFO] [stdout]   --> src/lib/util.rs:19:33
[INFO] [stdout]    |
[INFO] [stdout] 19 |       false => Err(std::option::NoneError)
[INFO] [stdout]    |                                 ^^^^^^^^^ not found in `std::option`
[INFO] [stdout] 
[INFO] [stdout] 
[INFO] [stdout] warning: the feature `bind_by_move_pattern_guards` has been stable since 1.39.0 and no longer requires an attribute to enable
[INFO] [stdout]  --> src/lib/lib.rs:5:12
[INFO] [stdout]   |
[INFO] [stdout] 5 | #![feature(bind_by_move_pattern_guards)]
[INFO] [stdout]   |            ^^^^^^^^^^^^^^^^^^^^^^^^^^^
[INFO] [stdout]   |
[INFO] [stdout]   = note: `#[warn(stable_features)]` on by default
[INFO] [stdout] 
[INFO] [stdout] 
[INFO] [stdout] error[E0635]: unknown feature `try_trait`
[INFO] [stdout]  --> src/lib/lib.rs:4:12
[INFO] [stdout]   |
[INFO] [stdout] 4 | #![feature(try_trait)]
[INFO] [stdout]   |            ^^^^^^^^^
[INFO] [stdout] 
[INFO] [stdout] 
[INFO] [stdout] warning: the feature `bind_by_move_pattern_guards` has been stable since 1.39.0 and no longer requires an attribute to enable
[INFO] [stdout]  --> src/lib/lib.rs:5:12
[INFO] [stdout]   |
[INFO] [stdout] 5 | #![feature(bind_by_move_pattern_guards)]
[INFO] [stdout]   |            ^^^^^^^^^^^^^^^^^^^^^^^^^^^
[INFO] [stdout]   |
[INFO] [stdout]   = note: `#[warn(stable_features)]` on by default
[INFO] [stdout] 
[INFO] [stdout] 
[INFO] [stdout] error[E0635]: unknown feature `try_trait`
[INFO] [stdout]  --> src/lib/lib.rs:4:12
[INFO] [stdout]   |
[INFO] [stdout] 4 | #![feature(try_trait)]
[INFO] [stdout]   |            ^^^^^^^^^
[INFO] [stdout] 
[INFO] [stdout] 
[INFO] [stdout] error: aborting due to 4 previous errors; 1 warning emitted
[INFO] [stdout] 
[INFO] [stdout] 
[INFO] [stdout] Some errors have detailed explanations: E0412, E0425, E0635.
[INFO] [stdout] 
[INFO] [stdout] For more information about an error, try `rustc --explain E0412`.
[INFO] [stdout] 
[INFO] [stdout] error: aborting due to 4 previous errors; 1 warning emitted
[INFO] [stdout] 
[INFO] [stdout] 
[INFO] [stdout] Some errors have detailed explanations: E0412, E0425, E0635.
[INFO] [stdout] 
[INFO] [stdout] For more information about an error, try `rustc --explain E0412`.
[INFO] [stdout] 
[INFO] [stderr] error: could not compile `zeta` (lib) due to 5 previous errors; 1 warning emitted
[INFO] [stderr] warning: build failed, waiting for other jobs to finish...
[INFO] [stderr] error: could not compile `zeta` (lib test) due to 5 previous errors; 1 warning emitted
[INFO] running `Command { std: "docker" "inspect" "8a1911d517f76f77c1800fbd5f19a8287313efc5dc37743f55d62f66b58a1b23", kill_on_drop: false }`
[INFO] running `Command { std: "docker" "rm" "-f" "8a1911d517f76f77c1800fbd5f19a8287313efc5dc37743f55d62f66b58a1b23", kill_on_drop: false }`
[INFO] [stdout] 8a1911d517f76f77c1800fbd5f19a8287313efc5dc37743f55d62f66b58a1b23
